d by 500.
379
Calculate the remainder when 385878 is divided by 2.
0
What is the remainder when 394303 is divided by 3586?
3429
What is the remainder when 238778674 is divided by 5021?
5019
Calculate the remainder when 12863 is divided by 11837.
1026
Calculate the remainder when 3982126 is divided by 1327375.
1
Calculate the remainder when 234310 is divided by 737.
681
What is the remainder when 7384648 is divided by 388664?
32
Calculate the remainder when 74361 is divided by 143.
1
What is the remainder when 26680 is divided by 25104?
1576
Calculate the remainder when 193532 is divided by 472.
12
What is the remainder when 9923077 is divided by 9?
1
Calculate the remainder when 122468 is divided by 6122.
28
Calculate the remainder when 5693845 is divided by 20.
5
Calculate the remainder when 22779 is divided by 22446.
333
What is the remainder when 208496 is divided by 34527?
1334
Calculate the remainder when 290415 is divided by 2104.
63
Calculate the remainder when 111012 is divided by 2564.
760
What is the remainder when 37093 is divided by 5911?
1627
What is the remainder when 625392 is divided by 156335?
52
Calculate the remainder when 488508 is divided by 54181.
879
What is the remainder when 64356 is divided by 2936?
2700
Calculate the remainder when 1618967 is divided by 43740.
587
Calculate the remainder when 21201 is divided by 16938.
4263
Calculate the remainder when 183712 is divided by 3469.
3324
What is the remainder when 2893114 is divided by 801?
703
What is the remainder when 44960 is divided by 3499?
2972
Calculate the remainder when 1521217 is divided by 337.
336
Calculate the remainder when 16763893 is divided by 117230.
3
Calculate the remainder when 3911337 is divided by 76.
73
What is the remainder when 1293225 is divided by 258638?
35
Calculate the remainder when 15895983 is divided by 5298649.
36
What is the remainder when 474516 is divided by 118495?
536
Calculate the remainder when 241623 is divided by 197.
101
Calculate the remainder when 36161336 is divided by 992.
952
Calculate the remainder when 1447111 is divided by 482368.
7
Calculate the remainder when 376321262 is divided by 37.
34
What is the remainder when 535349 is divided by 29?
9
Calculate the remainder when 172257 is divided by 990.
987
What is the remainder when 4022855 is divided by 446983?
8
Calculate the remainder when 9418 is divided by 2778.
1084
Calculate the remainder when 2184877968 is divided by 11.
9
What is the remainder when 8373122 is divided by 1735?
12
Calculate the remainder when 1577394 is divided by 17.
15
Calculate the remainder when 483444 is divided by 5307.
507
Calculate the remainder when 128854 is divided by 1075.
929
What is the remainder when 18373 is divided by 642?
397
Calculate the remainder when 319491 is divided by 159741.
9
What is the remainder when 116556 is divided by 115724?
832
What is the remainder when 47965221 is divided by 2851?
2848
What is the remainder when 1614385 is divided by 1897?
38
What is the remainder when 14457316 is divided by 14?
6
Calculate the remainder when 287707 is divided by 87.
85
Calculate the remainder when 2345596 is divided by 808.
780
What is the remainder when 1927564 is divided by 481878?
52
Calculate the remainder when 323034 is divided by 2884.
26
Calculate the remainder when 9022711 is divided by 3599.
18
What is the remainder when 147699 is divided by 36900?
99
What is the remainder when 121517 is divided by 155?
152
Calculate the remainder when 3057001 is divided by 305.
291
Calculate the remainder when 5508784 is divided by 135.
109
What is the remainder when 1332296 is divided by 4669?
1631
What is the remainder when 1178979 is divided by 294672?
291
Calculate the remainder when 72313018 is divided by 36156501.
16
Calculate the remainder when 3413875 is divided by 290.
285
What is the remainder when 50332 is divided by 8387?
10
Calculate the remainder when 273371 is divided by 91102.
65
Calculate the remainder when 1413656253 is divided by 3084.
3081
What is the remainder when 2643542 is divided by 172?
74
What is the remainder when 94284 is divided by 475?
234
What is the remainder when 71463 is divided by 3869?
1821
What is the remainder when 246548 is divided by 1332?
128
Calculate the remainder when 1642907 is divided by 1642896.
11
Calculate the remainder when 91003 is divided by 2133.
1417
Calculate the remainder when 29668847 is divided by 24.
23
What is the remainder when 8755903 is divided by 5218?
99
Calculate the remainder when 217901 is divided by 211868.
6033
What is the remainder when 7052167 is divided by 10?
7
Calculate the remainder when 270342 is divided by 173.
116
What is the remainder when 17931 is divided by 3511?
376
What is the remainder when 14082 is divided by 1741?
154
What is the remainder when 11849242 is divided by 229?
95
Calculate the remainder when 1366653217 is divided by 202.
199
Calculate the remainder when 1800706 is divided by 1100.
6
What is the remainder when 1944925 is divided by 5?
0
Calculate the remainder when 25261067 is divided by 102687.
65
Calculate the remainder when 6128 is divided by 4993.
1135
Calculate the remainder when 11290 is divided by 8756.
2534
What is the remainder when 342986 is divided by 2117?
32
Calculate the remainder when 26159900 is divided by 26159888.
12
Calculate the remainder when 2990875 is divided by 70.
55
Calculate the remainder when 8984163 is divided by 32909.
6
What is the remainder when 5611223 is divided by 374077?
68
Calculate the remainder when 2790311 is divided by 73.
32
Calculate the remainder when 538403 is divided by 221.
47
Calculate the remainder when 150750 is divided by 21532.
26
Calculate the remainder when 1303875 is divided by 1303803.
72
Calculate the remainder when 432202 is divided by 819.
589
Calculate the remainder when 11053642 is divided by 2763396.
58
Calculate the remainder when 4072799 is divided by 92562.
71
Calculate the remainder when 219636 is divided by 73206.
18
What is the remainder when 1545705 is divided by 1087?
1078
Calculate the remainder when 16855809 is divided by 1122.
3
What is the remainder when 1250555 is divided by 6348?
6347
What is the remainder when 85468 is divided by 981?
121
Calculate the remainder when 12553930 is divided by 4184629.
43
Calculate the remainder when 8142827 is divided by 2714270.
17
What is the remainder when 479137 is divided by 14519?
10
Calculate the remainder when 51945272 is divided by 27.
26
Calculate the remainder when 131225054 is divided by 4552.
4550
Calculate the remainder when 136119 is divided by 2575.
2219
Calculate the remainder when 38889269 is divided by 619.
594
Calculate the remainder when 62496 is divided by 62392.
104
Calculate the remainder when 174115 is divided by 87055.
5
Calculate the remainder when 25454601 is divided by 102.
93
What is the remainder when 913651 is divided by 21247?
30
Calculate the remainder when 644464 is divided by 155.
129
Calculate the remainder when 452741 is divided by 1623.
1547
Calculate the remainder when 564928 is divided by 188220.
268
What is the remainder when 8396004 is divided by 25?
4
What is the remainder when 2044903749 is divided by 1836?
1833
What is the remainder when 6192447 is divided by 884613?
156
Calculate the remainder when 4956285 is divided by 70804.
5
Calculate the remainder when 83937 is divided by 8886.
3963
What is the remainder when 6271905 is divided by 1567976?
1
What is the remainder when 71447009 is divided by 14?
11
Calculate the remainder when 7951271 is divided by 56.
55
What is the remainder when 80777 is divided by 19265?
3717
What is the remainder when 4568575 is divided by 913697?
90
What is the remainder when 198098 is divided by 99017?
64
What is the remainder when 1376071 is divided by 323?
91
Calculate the remainder when 15625449 is divided by 86.
23
What is the remainder when 4676 is divided by 3981?
695
What is the remainder when 1902555 is divided by 287?
32
What is the remainder when 4462706 is divided by 371888?
50
Calculate the remainder when 186867 is divided by 1517.
276
Calculate the remainder when 56218887 is divided by 22.
21
Calculate the remainder when 6901 is divided by 1120.
181
What is the remainder when 19426522 is div